Let b = r - 68. Suppose -4*z + f = -39, -2*z - f = -3*z + 12. What is the remainder when b is divided by z?
8
Let q = 58 + -52. Let h(w) = w**2 - 6*w + 6. Calculate the remainder when 11 is divided by h(q).
5
Let u = 2 - -2. Let x(f) = -7 + 9*f + 7 + u. Calculate the remainder when x(2) is divided by 12.
10
Let l be (-8)/(-5) + 10/25. Let i be (-4)/(-10) - 2144/(-40). Suppose r - l - i = 0. Calculate the remainder when r is divided by 20.
16
Let b(c) = -20*c + 573. Calculate the remainder when b(19) is divided by 14.
11
Let r(l) = 3*l + 36. Let z be r(0). Suppose -s = -3*v - z, 2*s - 36 = 4*v + 32. Calculate the remainder when 59 is divided by s.
29
Let z = 31 + 46. Let v = z + -47. Suppose c - v = 1. Calculate the remainder when c is divided by 16.
15
Suppose -27*j + 12 = -23*j. Let n(t) = 3*t + 24. What is the remainder when n(-6) is divided by j?
0
Suppose -6*d = -115 + 1. Calculate the remainder when d is divided by 3.
1
Let y(c) = -5*c + 4. Let h = 21 + -14. Suppose 4*t + h = 5*v, 0 = 4*t - 3*v - 3 + 12. Calculate the remainder when 73 is divided by y(t).
16
Suppose 0 = 4*o - 2*c - 3*c - 25, -3*o = -c - 27. Let v(i) = i**2 + 40*i + 246. Calculate the remainder when v(-34) is divided by o.
2
Suppose -4*o - d + 32 = 0, -9*o + 8*o + d = -8. Calculate the remainder when 78 is divided by o.
6
Let h = 199 - 144. What is the remainder when h is divided by ((-224)/(-20))/(-4)*-5?
13
Let b(z) = 3*z - 7. Calculate the remainder when 50 is divided by b(15).
12
Suppose -4*q = -4*k + 63 + 73, -5*q = -k + 14. Let p(a) = a**2 - 7*a + 2. Let n be p(6). Calculate the remainder when k is divided by n + 2 - -1*23.
18
Suppose 5*s + 38 = 13. Let w be s/4 - (-5)/20. Calculate the remainder when 1910/50 + w/5 is divided by 11.
5
Let f be 31/(-2)*2 - (-4)/(-2). Let p = f - -39. Calculate the remainder when 64 is divided by p.
4
Suppose -170*s + 162 = -164*s. What is the remainder when 161 is divided by s?
26
Let z(r) = r**2 + 4*r - 3. Let n be z(-10). Let u = n - 26. Let q = 92 - 81. Calculate the remainder when u is divided by q.
9
Suppose 556 = 5*u + 3*l, 3*u - 326 = 4*l - 2*l. What is the remainder when u is divided by 14?
12
Let v = -8281 - -8289. Suppose 0 = -3*c - r + 73, -c - 2*r + 19 = -2. Suppose -c = -3*k + 44. What is the remainder when k is divided by v?
7
Let s(q) = -q**2 - 8*q + 4. Let y be s(-2). Let h(x) be the first derivative of -x**3/3 + 9*x**2 - 21*x - 1. What is the remainder when 43 is divided by h(y)?
10
What is the remainder when 76/(-6)*(3 + -6) is divided by 7?
3
Let u = -6 + 4. Let z be (1*-4)/8*u. What is the remainder when 26 is divided by (-2 - -9)*(2 - z)?
5
Let l(b) = 18*b - 65. What is the remainder when l(12) is divided by 22?
19
Let g = 76 + -74. Suppose 0 = -0*x - 5*x + 15, 5*l - 79 = g*x. Calculate the remainder when 116 is divided by l.
14
Let g be 3 + -3*(-3)/(-9). Suppose i - 26 = -3*t, 2*i - 17 = -g*t + i. What is the remainder when t is divided by 4?
1
Let k = -38 + 42. Calculate the remainder when 8 is divided by k.
0
Suppose 30 = 2*a + 3*d + d, -d = -5*a + 42. Suppose 0 = -i - 5*v - 14, -10 = -0*v + 2*v. Let b(g) = 4*g - 11. Calculate the remainder when b(i) is divided by a.
6
Suppose -615 = -7*n + 2*n. Let w = -64 - -85. What is the remainder when n is divided by w?
18
Suppose 3*d + 71 = 95. What is the remainder when 63 is divided by d?
7
Suppose -2*z + 54 = z. Calculate the remainder when (-35)/(-9) + 4/36 + (99 - -3) is divided by z.
16
Let h = 31 - 21. Suppose -30 + h = -4*b. What is the remainder when 7 is divided by b?
2
Let g = -987 - -1004. Calculate the remainder when 202 is divided by g.
15
Suppose -c - 4*l + 7 = 0, 2*c - c - 5 = -2*l. Suppose -c*y = -i + 4, 5*i + y - 60 = -4*y. Calculate the remainder when 36 is divided by i.
6
Suppose -4*r + 3*s - 43 = 63, -96 = 4*r + 2*s. Let a = r - -102. Calculate the remainder when a is divided by 39.
38
Let i = -2139 - -2168. Calculate the remainder when -2 + (1 - 255/(-3)) is divided by i.
26
Let r(w) = 10*w**2 - 14*w - 2. What is the remainder when r(5) is divided by 15?
13
Let k = 74 + -48. What is the remainder when 126 is divided by k?
22
Let o be (0 - 14)/(-2)*(-19 - -2). Let d = -64 - o. What is the remainder when d is divided by 19?
17
Let x(i) = -i**3 - 6*i**2 - 4*i - 1. Let o be x(-3). Let h = 26 + o. What is the remainder when 62 is divided by 1 - 4/(-2)*h?
20
Suppose -5*p - 3 = -13. Suppose 5*l = -3*d + 241, -p*d + 97 = -2*l - 69. Calculate the remainder when d is divided by 14.
12
Suppose 6*g = 9*g - 12. Let x(b) = 3*b + 7. Calculate the remainder when x(g) is divided by 12.
7
Let x(z) = 2*z**2 - 6*z - 126. Calculate the remainder when 29 is divided by x(10).
1
Let a(o) = -o**3 + 6*o**2 + 19*o - 5. Calculate the remainder when 46 is divided by a(8).
8
Calculate the remainder when ((-79)/2)/((-14)/(-560)*-2) is divided by 11.
9
Let y(a) = 12*a**2 + 9*a - 8. What is the remainder when 566 is divided by y(-2)?
16
Let b = 313 - 291. Suppose -9*x - 4*o + 1049 = -4*x, 5*x + 3*o = 1053. Suppose -4*d + x + 127 = 0. Calculate the remainder when d is divided by b.
19
Calculate the remainder when 371 is divided by -9 - (8 + -26 - 2).
8
Let w = -110 - -155. What is the remainder when w is divided by 12?
9
Suppose 4*p = -2*a + 372, 5*a + 394 - 1336 = -4*p. Calculate the remainder when a is divided by 20.
10
Let z = -10 - -19. Let t(y) = 3*y**2 - 11*y - 4. Calculate the remainder when t(5) is divided by z.
7
Suppose -170 = -d - 4*d - 2*k, k = 0. Calculate the remainder when 2/(-7) + (-1418)/(-14) is divided by d.
33
Let o = 188 + -103. Suppose 4*j = o + 95. Calculate the remainder when j is divided by 12.
9
Let t = 1380 + -1354. Let p = 194 + -121. What is the remainder when p is divided by t?
21
Suppose -3*b + 54 + 15 = 0. Calculate the remainder when 157 is divided by b.
19
Let y(k) = k**2 + 3*k - 5. Let h be 32/(-12)*(-1 + -2). Suppose -3*g = -v + g - h, -4*v - 4*g = -68. Calculate the remainder when y(5) is divided by v.
11
Let y(p) = p**3 + 6*p**2 - 22*p - 17. What is the remainder when y(-8) is divided by 17?
14
Let x(t) = t**2 + 6*t - 28. Let q be x(-10). Suppose -10*c - 32 = -q*c. What is the remainder when ((-2)/4)/((-2)/120) is divided by c?
14
Let n(w) = w**3 - 11*w**2 + 2*w - 20. Let d be n(11). Suppose -d*m = -3*f + 42, 5*f - m + 0*m = 70. Calculate the remainder when 124 is divided by f.
12
What is the remainder when 84 is divided by ((-6)/4)/(2 - 525/258)?
41
Let q(a) = 21*a - 202. Calculate the remainder when 181 is divided by q(14).
89
Let a(z) = 42*z + 147. What is the remainder when 42 is divided by a(-3)?
0
Suppose -61*c = -77*c + 2624. Calculate the remainder when c is divided by 21.
17
Suppose 4*p = 2*a + 240, 2*a + 2*a = -2*p + 130. Suppose 0 = -m + g + 13, 3*g + 2*g - 35 = -5*m. What is the remainder when p is divided by 6/m - 102/(-5)?
19
Let z = 0 + 5. Suppose 5*u - 1616 = -3*k, 0 = -k + 4*k - z*u - 1576. What is the remainder when (k/(-8))/(-7)*2 is divided by 11?
8
Let i be (-5)/4 + 1 + (-425)/(-68). What is the remainder when (-220)/i*12/8*-2 is divided by 28?
26
Suppose h = 47 - 36. Let u = 38 - 6. Calculate the remainder when u is divided by h.
10
Let o = 163 - 97. Let u = o + -33. Let g = u + -19. Calculate the remainder when 25 is divided by g.
11
Let s(b) = -25*b + 2. Let h be s(-3). Suppose 10 = -y + h. What is the remainder when y is divided by 23?
21
Let x(z) = 13*z - 380. What is the remainder when 448 is divided by x(35)?
73
Suppose 5*r + 4*i = 70, 4*r + 4*i - 34 = 18. Suppose 3*l - m - 248 = 0, -4*l = -2*m - 421 + 93. What is the remainder when l is divided by r?
12
Let r = -299 + 310. What is the remainder when r is divided by 3?
2
Let v = 1537 - 1390. Calculate the remainder when v is divided by 79.
68
Suppose 0 = -c - 4*l + 37, 5*c - 3*l = -102 + 402. Suppose 9*y + c = 273. What is the remainder when 47 is divided by y?
23
Let b = 88 - 168. Let r = 96 + b. Suppose -i - 2*i + 4*d + 141 = 0, 0 = 5*i + 3*d - 235. Calculate the remainder when i is divided by r.
15
Let q(k) = k**3 - 3*k**2 - k - 4. Let s = -9 - -13. Let d = 25 + -11. Calculate the remainder when d is divided by q(s).
6
Let s(m) = 32*m - 240. Suppose 4*g + 8 + 8 = 0. Calculate the remainder when (-2 + -1)*84/g is divided by s(8).
15
Suppose -4*t = -2*t - 16. Le